59
Suppose 172*w - 406 = 174*w. Let o = -116 - w. What are the prime factors of o?
3, 29
Suppose -69369 = -54*a + 1110261. What are the prime factors of a?
5, 17, 257
Let f = -367 + -48. Let v = f - -1953. List the prime factors of v.
2, 769
Let c(a) = -73*a - 1050. What are the prime factors of c(-46)?
2, 577
Let h(f) = -1 - f**2 + 2 + 9*f**2 - 9*f**2. Let z(i) = -7*i**2 + 31*i + 10. Let p(a) = 5*h(a) - z(a). What are the prime factors of p(21)?
2, 113
Suppose -28 = -4*a - 0*a - 3*n, 12 = 5*a - 2*n. Let q(r) be the first derivative of 5*r**3 - 13*r**2 - 419. What are the prime factors of q(a)?
2, 17
Suppose 2628 = 64*u - 58*u. Let o = 1190 - u. What are the prime factors of o?
2, 47
Suppose w - 5828 = 2927. What are the prime factors of w?
5, 17, 103
Let c(b) = 25*b + 117. Let s be c(-5). List the prime factors of (-2)/s - 52110/(-72).
2, 181
List the prime factors of 30945/4 + (-4)/16 - 2/(-2).
3, 2579
What are the prime factors of -1*7*3/((-567)/(-8622))*-36?
2, 3, 479
Suppose 79 + 23 = -5*x + 3*f, -107 = 5*x + 2*f. Let r = x + 28. List the prime factors of 4 + 1 + 10*r.
3, 5
Suppose -25 = 6*c + 23. Let q be (-30)/7 + (-12)/(-42). List the prime factors of q/c*6 + 14.
17
Suppose 0 = -13*t - 20734 + 4393. Let u = t - -2215. List the prime factors of u.
2, 479
Let y(o) = 370*o - 28. List the prime factors of y(3).
2, 541
Suppose -2*v + 146 = -4*t + 1634, 5*t = -10. Let q = 1125 + v. What are the prime factors of q?
13, 29
Suppose -26*x + 1208 = -18*x. Suppose 0 = -x*v + 156*v - 2775. What are the prime factors of v?
3, 5, 37
Suppose 8 = -4*b, -5*b = 5*t + 3 - 28. Suppose -3*u + 3*v - 3127 = -t*u, -2*u - 3*v + 1571 = 0. What are the prime factors of u?
2, 389
Let m(j) = -3*j**3 + 11*j**2 - 7*j - 12. Let b be m(6). Let f = 1448 + b. List the prime factors of f.
2, 571
Let v = -350 + 2039. Suppose 9*d - 6*d - v = 0. List the prime factors of d.
563
Suppose 2*f + 1 = 3, 2*a - 12 = -4*f. Suppose -a*v + u = 423, 59 = 4*v - 2*u + 485. Let q = -7 - v. List the prime factors of q.
2, 7
List the prime factors of ((-1688869)/143)/(-7) + (-2)/11.
7, 241
Suppose 3*d - 4*h = -18 + 4, 0 = 4*h - 20. Let a be (4*-46)/(d/(-4)). Suppose -6*u - 20 = -a. What are the prime factors of u?
2, 29
Suppose -101 = -20*q + 139. Let f = 446 - q. What are the prime factors of f?
2, 7, 31
Let k be (-4)/(-5)*(1 - (-27)/18). Suppose 4*x + k*n - 885 = 707, 0 = 4*n + 16. List the prime factors of x.
2, 5
Let n = 6360 + -1838. Suppose -11*k - 463 = -n. What are the prime factors of k?
3, 41
Let c = -102 + 102. Suppose -r - 1630 = -2*o - 3*r, -o + 4*r + 820 = c. List the prime factors of o.
2, 3, 17
Let a be -1 - ((-17)/(-4))/((-6)/(-24)). Let r be 4/(-6)*(-108)/a + 4. Suppose r = 6*u + 5*u - 759. List the prime factors of u.
3, 23
Suppose -4*k + z + 48572 = -177071, -112811 = -2*k - 3*z. List the prime factors of k.
2, 5, 5641
Suppose -2*h - 4*o = -13418, 299*h - 297*h - 13394 = 2*o. What are the prime factors of h?
6701
Suppose 2*a = 29 - 23. Suppose 5*h - j + 2*j - 746 = 0, -a*h = 3*j - 438. Suppose 4*c - c - h = 0. List the prime factors of c.
2, 5
Suppose 0 = -3315*c + 3303*c + 88092. List the prime factors of c.
3, 2447
Let u(g) = -2389*g + 825. List the prime factors of u(-5).
2, 5, 1277
Suppose 0*h + 3*h - 3*m = 0, 20 = -5*h + m. Let z(x) be the first derivative of -x**2/2 + 5*x + 42. List the prime factors of z(h).
2, 5
Let p(g) = 3*g + 34. Let f be p(-12). Let l be ((-4)/7)/(1/(-7)). List the prime factors of 24/(l - 0) + f + 122.
2, 3, 7
Suppose 2*a - 9503 = -15*a. Suppose -3*j - 2*p = -944, -p + a = 5*j - 1012. What are the prime factors of j?
2, 157
Let t(x) = 1808*x - 1956. What are the prime factors of t(12)?
2, 3, 5, 7, 47
Suppose 3851792 = 11*g + 125*g. What are the prime factors of g?
2, 7, 17
Let p = -2003 - -28285. What are the prime factors of p?
2, 17, 773
Suppose -4*z + 1076 + 1243 = -389. What are the prime factors of z?
677
Suppose i - 23 = -69. Let d(t) = 3*t**3 - 7*t + 6. Let r be d(3). Let m = r + i. What are the prime factors of m?
2, 5
Let l = 21 - -3. Let q be (l/(-18))/(2/6). What are the prime factors of q - -14 - (-2 + 5)?
7
Suppose -4*c + 3*r = -853, -c + 0*c + 213 = -r. Suppose 4*f - 354 = c. What are the prime factors of f?
2, 71
Let f(v) = -3*v**3 - 7*v**2 + 21*v - 20. Let a be f(-10). Suppose 19*n - 24*n = -a. List the prime factors of n.
2, 3, 23
What are the prime factors of (360 - 14)*1365/14?
3, 5, 13, 173
Suppose -34372 = -4*z - 3*f - f, 0 = -2*z + 2*f + 17178. Suppose -873 = -8*r + z. List the prime factors of r.
7, 13
Let s(l) = l**2 + 13*l + 17. Let g be s(-11). Let h = g + 9. Suppose -h*o - 18 = 2*w - 126, -16 = -4*o. List the prime factors of w.
2, 23
Let r = 75468 - 34462. What are the prime factors of r?
2, 7, 29, 101
Suppose -310*j + 1973524 = -512377 - 3250339. List the prime factors of j.
2, 3, 257
Let b(y) = y**2 - 27*y - 957. List the prime factors of b(-137).
7, 439
Let c be (-3 + 1)*(-6)/(-12) + -4. Let o be (-9 - -10)*c/((-5)/2). Suppose 0*v = o*v - 54. List the prime factors of v.
3
Suppose -132*y = 613291 - 957064 - 2198547. List the prime factors of y.
2, 3, 5, 107
Suppose i - 7405 = -3*n + 14504, 3*i = 0. What are the prime factors of n?
67, 109
Suppose 5*a - 48939 = 4*n, -8608 = 3*a + 2*n - 37989. What are the prime factors of a?
9791
Let v = 54536 - 32006. List the prime factors of v.
2, 3, 5, 751
Suppose -3*t - 549 = -4*x - 0*t, -x - 3*t + 141 = 0. Let p = x - 95. List the prime factors of p.
43
Let h(w) = 5*w**2 - 23*w - 27. List the prime factors of h(-26).
3, 439
Let d = 7772 - 4298. What are the prime factors of d?
2, 3, 193
Let r(m) = -m + 2. Let b(d) = 77*d - 11. Let j(k) = b(k) - 4*r(k). List the prime factors of j(6).
467
Suppose n - 10*n = -54. Let p = 0 + n. What are the prime factors of (-4605)/(-45) - 2/p?
2, 3, 17
Suppose -2*k = 2*k - 84. Suppose 4*n - 7 = 5*a - 2, 3*n = -2*a + k. Suppose -4*h - 4*g + 38 = -334, 2*h - a*g = 211. List the prime factors of h.
2, 7
Suppose 7*l - 3*l = 40. Let r be (-80)/(-12) + 2 - (-20)/60. Suppose -r*f + l*f = 41. What are the prime factors of f?
41
Suppose -3*m + 271*d + 31959 = 267*d, 0 = 4*m + d - 42669. What are the prime factors of m?
3, 5, 79
Let w = 39169 - 16938. List the prime factors of w.
11, 43, 47
Suppose -5*w = -7*w - 5*r, 2*w + 2*r - 6 = 0. Suppose n - 3*n - 1261 = -w*c, c + n - 248 = 0. List the prime factors of c.
251
Let o = -78 + 209. Suppose 5*d + o - 1021 = 0. Suppose -3*p - 55 + d = 0. What are the prime factors of p?
41
Suppose -4*l - 5*c - 900 = 0, 5*c = -41*l + 45*l + 860. Let u = 777 - l. What are the prime factors of u?
997
Let u(z) = z + 0 + 2 + 7. Let c be u(-6). What are the prime factors of (-230)/(-30) - 2/c?
7
Suppose 3*k = -18, -k + 77385 = 313*s - 312*s. What are the prime factors of s?
3, 8599
Suppose -24*c = -14*c. Suppose 3*f - 5*m = -c*m + 4121, -f = m - 1363. What are the prime factors of f?
1367
Suppose 5*w = -4*f + 86312, 5*w + 31*f - 86322 = 32*f. What are the prime factors of w?
2, 13, 83
Let o(u) = 578*u**2 - 35*u - 35. Let m be o(-1). Suppose -3*j + 17 = 5, 3*l + 4*j = 28. Suppose 122 + m = l*h. What are the prime factors of h?
5, 7
Let h be ((-44)/(-6))/(10/15). Let u(j) = -8423*j**3 - 8*j**2 + 8424*j**3 + 26*j + 4 - 2*j - 4*j**2. List the prime factors of u(h).
3, 7
Let f = -5 + 91. Suppose 3*m + 4 = -f. What are the prime factors of ((-3)/(m/52))/((-9)/(-90))?
2, 13
Suppose -60*u = -64*u + 34428. What are the prime factors of u?
3, 19, 151
Let b = 16779 + 7066. List the prime factors of b.
5, 19, 251
Let h = 27693 + -19426. What are the prime factors of h?
7, 1181
Let a(q) = -2*q**3 + 23*q**2 + 155*q + 47. List the prime factors of a(-11).
7, 541
Let l = 25011 + -15616. List the prime factors of l.
5, 1879
Suppose z - 2*c = 2*c + 9471, -5*z + 4*c + 47339 = 0. List the prime factors of z.
9467
Let h(s) = s**3 - 21*s**2 + 15*s + 111. List the prime factors of h(26).
3881
Let s be (0 - (-70)/5) + 4 + 0. Suppose 20*j - s*j - 2288 = 0. What are the prime factors of j?
2, 11, 13
Let q(s) = -s**3 + 36*s**2 - 108*s + 1563. Let x be q(34). Let d be (1 - 1570/(-4))*2. Suppose -x - d = -6*n. List the prime factors of n.
3, 5, 11
Let z = 372 - 232. Suppose -z = 3*j - 10*j. Suppose -2*x - 3*x = j, 156 = 2*t + 3*x. List the prime 